 highest common factor of s and 17.
17
Let x(i) = i**3 - 2*i**2 + 2*i. Let r(a) = 3*a - 16. Let j be r(6). Let t be x(j). Calculate the highest common divisor of t and 68.
4
Let q be 2 + (-1)/(-2) - (-1)/2. Suppose 0 = -y + q*y + 2, 4*y + 124 = 2*u. What is the highest common divisor of 15 and u?
15
Suppose 263 + 2725 = 83*f. What is the highest common factor of f and 150?
6
Suppose -56*b + 588 = -54*b. What is the highest common divisor of 126 and b?
42
Let n = 258 + -252. Calculate the highest common divisor of n and 96.
6
Let p = 1452 - 1205. What is the greatest common divisor of p and 13?
13
Let z = -169 - -195. Suppose -4*r = -19 - 33. Calculate the highest common divisor of z and r.
13
Let r(u) = 2*u**2 - 7*u. Let w be r(7). Let h = 96 - -36. Let c = 139 - h. Calculate the greatest common divisor of w and c.
7
Let d(w) = w - 2. Let f be d(-10). Let t be -24*(-3 - 9/f). Calculate the greatest common divisor of t and 18.
18
Let s = 83 + -69. What is the greatest common factor of 7 and s?
7
Let c be ((-8)/3)/(-2)*6. Suppose 0 = 2*s - c - 16. Suppose 0 = -4*m + 5*i + 63, -12*i + 54 = 5*m - 10*i. What is the highest common factor of s and m?
12
Suppose 3*i - 3 = w - 12, -w + 9 = 5*i. Let a be (-21)/(-9)*(w - 0). Calculate the highest common factor of a and 21.
21
Let b be 36/(-30)*5 - -326. Calculate the highest common factor of b and 20.
20
Let f be -999 - (-2 - (2 + -8 + 2)). Let l be 3/(-7) + f/(-49). Calculate the highest common factor of 120 and l.
20
Suppose 4 = -4*t + 112. Calculate the greatest common factor of t and 33.
3
Let q be -3 + 5 - (0 + -3). Let z be (3/q)/((-5)/(-100)). Calculate the greatest common divisor of 18 and z.
6
Let u(n) = -2*n - 1. Let x(g) = g + 1. Let s(f) = -2*u(f) - 3*x(f). Let a be s(7). Let w be 98*(-4)/(-8) - 1. What is the greatest common factor of w and a?
6
Let b = 12 - 6. Let j be (-2)/6 + 1250/b. Suppose 380 - 510 = -5*w. What is the greatest common factor of w and j?
26
Let q(f) = -f**3 + 9*f**2 - 3*f - 13. Let a be q(9). Let g = a + 35. Let c be 8 + g - (2 + -91). Calculate the highest common divisor of c and 23.
23
Let z(o) = -19*o + 27. Let h be z(0). Calculate the greatest common factor of 279 and h.
9
Let n be (84 + -4)*1*(-4 + 5). What is the highest common divisor of n and 20?
20
Let v = 203 - 192. What is the highest common divisor of v and 99?
11
Let p be (-58 - 5/(-5))*-1. Calculate the greatest common factor of 3 and p.
3
Let c(x) = -33*x - 15. Let j be c(-2). Let w = 59 - j. What is the greatest common divisor of 32 and w?
8
Let a be (-1)/4 - (-1 - 10/8). Suppose a*y + 5*u - 2*u = 34, y - 3*u - 8 = 0. Calculate the greatest common factor of 28 and y.
14
Suppose -4*l + 4*b - 51 = -203, 0 = 3*l - b - 120. Let i(w) = w**3 + 13*w**2 - 20*w - 152. Let t be i(-8). What is the greatest common factor of l and t?
41
Suppose -2*c = 4*p + 12, -p - 4*p = -4*c + 41. Let k be (6/2 - c)*29. Let s = k + 40. What is the highest common divisor of s and 99?
11
Suppose 10*y - 5 = 9*y. Suppose y*b + 11 = 501. Calculate the highest common factor of b and 14.
14
Let l(v) = -2*v**2 - 7*v + 27. Let x be l(-5). What is the greatest common factor of x and 336?
12
Suppose 3*j + 51 = -0*v - 3*v, 3*v = 4*j - 16. Let p be (v/15)/(3/(-15)). Let z = 8 - p. Calculate the highest common factor of 36 and z.
4
Let y be (-11718)/465*1/(3/(-5)). What is the greatest common divisor of y and 1344?
42
Let r be 13/((-20)/25 + 1). Let f = r - 29. What is the highest common factor of 24 and f?
12
Let y(f) = 53*f - 130. Let i be y(3). Let x be (-28)/(-1) - (-3)/3. Calculate the highest common divisor of i and x.
29
Let w be (3 + (-28)/8)*-40*1. What is the highest common factor of w and 340?
20
Suppose 0 = -0*r + 4*r - 20. Suppose r*j - 14 = -x, 5*x - 4*x - 8 = -2*j. What is the highest common factor of x and 6?
2
Suppose 144 - 9 = -5*j. Let d = j - -31. Suppose -2*g + 5*f = -12, 0*g + d*g - 5*f - 14 = 0. Calculate the greatest common divisor of g and 3.
1
Let x(f) = f**3 - 9*f**2 + 7*f + 22. Let h be x(9). Calculate the highest common factor of 34 and h.
17
Let m = -69 - -135. Suppose -140 = -4*s + q, m - 242 = -5*s + q. Calculate the greatest common factor of 18 and s.
18
Suppose 25*p - 5*p = 23180. What is the highest common factor of p and 19?
19
Let z = 335 - 316. Calculate the highest common divisor of 513 and z.
19
Suppose 9 = 4*v - 3. Let n = v + 1. Suppose -n*a + 6*a = 60. What is the highest common divisor of 12 and a?
6
Suppose 3*a - 21 + 21 = 0. Suppose -4*v - y = -70, a*y - 26 = -v + 4*y. Calculate the highest common factor of v and 18.
18
Let o = 36 + -41. Let s(q) = -2*q**3 + 6*q**2 - 2*q - 18. Let v be s(o). Calculate the greatest common factor of v and 56.
56
Let r(v) = 2*v + 10. Let y be r(-10). Let x(m) = -m**3 - 10*m**2 + m + 12. Let c be x(y). Calculate the greatest common factor of c and 8.
2
Let f = -128 - -174. Calculate the greatest common factor of 644 and f.
46
Suppose y + 4 = 30. Suppose -r + y = 2*b - b, 0 = 3*r - 5*b - 46. Suppose 5*i = s + 772, 15 + 595 = 4*i + 3*s. What is the greatest common factor of r and i?
22
Let j be 210/28 + -7 - 115/(-2). What is the greatest common factor of 638 and j?
58
Suppose 353 = 4*p + 241. What is the greatest common divisor of p and 546?
14
Suppose 4*p + 264 = 5*a, 5*a - 255 = -0*a - 5*p. Suppose 0 = -18*j + 22*j - a. Calculate the highest common factor of j and 91.
13
Suppose -3*u + 0*s - s = -2308, -1556 = -2*u - 5*s. What is the highest common divisor of u and 48?
48
Let k = -54 - -68. Calculate the greatest common factor of 49 and k.
7
Suppose -3 = -5*p + 17. Suppose -n - x + 62 = -4*x, n + 2*x - 32 = 0. What is the greatest common divisor of n and p?
4
Let w(x) = -x**3 + 6*x**2 + 11*x - 16. Let g(p) = -p**3 - 4*p**2 + 4*p + 2. Let j be g(-5). Let u be w(j). What is the highest common factor of 60 and u?
12
Suppose 3*h - 730 = -s, 2*h - 224 - 263 = -s. Calculate the greatest common divisor of h and 36.
9
Let a be (138/24)/((-5)/(-60)). What is the greatest common divisor of 1173 and a?
69
Suppose -k + a = -5 - 3, a - 52 = -5*k. What is the greatest common factor of 16 and k?
2
Suppose -11*h + 1542 = -2154. Suppose -h = -11*v + 7*v. Calculate the greatest common divisor of 28 and v.
28
Suppose -15 + 4 = -x - 2*i, 2*i - 12 = -2*x. Suppose -5*h = -4*g - 36 - 18, g = -1. Calculate the greatest common divisor of h and x.
1
Let c = 462 - 450. What is the highest common divisor of c and 21?
3
Let f(m) = m**3 - 4*m**2 - m - 16. Let j be f(5). What is the highest common divisor of j and 7?
1
Suppose -2*h + 8 = 4*b, 2*b = b - 1. Calculate the highest common factor of h and 57.
3
Suppose 4*t = -24*t + 34048. Calculate the greatest common factor of t and 228.
76
Suppose -k + 7 = -2*z + z, 3*z + k + 41 = 0. Let h(g) = g**3 + 13*g**2 + 10*g - 7. Let d be h(z). What is the highest common factor of d and 85?
17
Let h(r) = 6*r - 22. Let a be h(7). Let j be 2/3*510/a. Let l(n) = 48*n**2 + 4*n + 3. Let p be l(-2). Calculate the greatest common divisor of p and j.
17
Let y(o) = -12*o - 141. Let i be y(-15). Calculate the highest common divisor of i and 351.
39
Let p(q) = q. Suppose -4*z - 3*g = -29, 5*g + 4 + 1 = 0. Let n be p(z). Calculate the highest common factor of 16 and n.
8
Suppose 0 = -2*z + 4*g + 96, -5*g + 79 = 2*z - 35. Calculate the highest common divisor of 1274 and z.
26
Let y(x) = -x**3 - 1. Let u(c) = 4*c**3 - c**2 + 3. Let g(o) = -u(o) - 2*y(o). Let s be g(-2). Calculate the highest common divisor of 133 and s.
19
Suppose -m + 3*i + 22 = 0, m - i - 27 = 3*i. What is the greatest common factor of 21 and m?
7
Suppose -7*h = 4*h - 363. What is the highest common divisor of 44 and h?
11
Let l be (72/12)/(6/(-8)*-2). Let y = l - -45. What is the greatest common factor of y and 343?
49
Let n = -46 - -68. Suppose -2*h + 1961 = 5*i, i = -2*h - 2*i + 1951. Suppose 18*r = 14*r + h. Calculate the highest common divisor of n and r.
22
Suppose -3*f + 0*c + 72 = -c, 0 = -4*f + c + 95. Let i be 1/(-4) + (-61)/(-4). Let x = f - i. What is the highest common factor of 64 and x?
8
Let m = 68 + -62. Suppose m*x + 7 - 535 = 0. Calculate the highest common factor of x and 8.
8
Let r = 1140 + -1136. What is the greatest common divisor of r and 164?
4
Suppose 3039 - 18879 = -33*r. Calc